, what is -301 - -3123022?
3122121
In base 8, what is 52 + 1320?
1372
In base 2, what is 10111111110 + -1001100?
10110110010
In base 5, what is -120323 + -1113?
-121441
In base 3, what is 100000 + 201001?
1001001
In base 14, what is 1a - 712?
-6d6
In base 4, what is -132 + -20100?
-20232
In base 5, what is 3 - 201042?
-201034
In base 16, what is 13 + -d1b6?
-d1a3
In base 2, what is 1110011000011 + -110?
1110010111101
In base 10, what is -2 - -599025?
599023
In base 4, what is -3122211012 - -2?
-3122211010
In base 8, what is 16 + -55316?
-55300
In base 8, what is -47262 + 52?
-47210
In base 10, what is 57305 + -3?
57302
In base 2, what is -101101 + 1111001111?
1110100010
In base 11, what is 56 + 2753?
27a9
In base 8, what is -5013 - -366?
-4425
In base 4, what is -213112302 + -23?
-213112331
In base 15, what is -40b + b4?
-347
In base 4, what is -12313230121 - 0?
-12313230121
In base 5, what is 2132202144 - 0?
2132202144
In base 4, what is -310010132 + -11?
-310010203
In base 11, what is a07 - a0?
917
In base 12, what is 7b0 + -736?
76
In base 10, what is -200 + 1564?
1364
In base 14, what is -43d226 - -1?
-43d225
In base 16, what is 561b - 16?
5605
In base 10, what is 8936 + 1?
8937
In base 4, what is 3 - -3321?
3330
In base 7, what is 0 - 44532?
-44532
In base 12, what is 158 - 173?
-17
In base 4, what is -30 + 22111030?
22111000
In base 6, what is 455 + 25013?
25512
In base 12, what is -272 + 9?
-265
In base 14, what is 340 + 6d?
3ad
In base 5, what is -20 - 30101?
-30121
In base 6, what is -333 - -3124?
2351
In base 10, what is 7874 - -120?
7994
In base 10, what is 2 - -3912?
3914
In base 16, what is 26ea - 1f?
26cb
In base 15, what is 10 - 18340?
-18330
In base 16, what is 148e2 + -e?
148d4
In base 4, what is -12121 + -1013211?
-1031332
In base 3, what is 11221101012 - -20?
11221101102
In base 14, what is -1 - -1b62?
1b61
In base 7, what is 6004 - -312?
6316
In base 13, what is -197 - a6c?
-c36
In base 14, what is -4285 + 13?
-4272
In base 16, what is 498 - 24?
474
In base 10, what is 39878 + -34?
39844
In base 11, what is 3 - 16a60?
-16a58
In base 12, what is 775b - 1a?
7741
In base 9, what is 10735267 + 4?
10735272
In base 2, what is 1110010010 - -101001?
1110111011
In base 10, what is 1205 + -5?
1200
In base 12, what is -319b - 126?
-3305
In base 16, what is 42d11 + -4?
42d0d
In base 8, what is -41 - 1356?
-1417
In base 3, what is 10120110012102 + -12?
10120110012020
In base 14, what is -525d2b + 2?
-525d29
In base 2, what is 1011 + -1001101001010?
-1001100111111
In base 2, what is 10 - -101100000111001?
101100000111011
In base 7, what is 2214016 + -5?
2214011
In base 6, what is 3 - -4023355?
4023402
In base 7, what is -26256 - 131?
-26420
In base 14, what is -543c49 + 5?
-543c44
In base 10, what is 151 - 2424?
-2273
In base 12, what is -1 - -108870?
10886b
In base 2, what is -1110010100000111 - 0?
-1110010100000111
In base 15, what is -689e1 - -4?
-689dc
In base 15, what is 0 - 10b67?
-10b67
In base 7, what is -4 - 15421?
-15425
In base 2, what is 111100111001 - -111?
111101000000
In base 6, what is 1334 + 104503?
110241
In base 11, what is -877a7 - 1?
-877a8
In base 5, what is -41114122 + -4?
-41114131
In base 5, what is -13333134 - -1?
-13333133
In base 7, what is 502223 - -2?
502225
In base 12, what is 1 + -1784?
-1783
In base 12, what is -12 - -13077?
13065
In base 12, what is 9857 + -29?
982a
In base 9, what is 3870572 + -2?
3870570
In base 4, what is 11 - 11002033?
-11002022
In base 2, what is 111000111010100 + 101?
111000111011001
In base 7, what is -24164 + 13?
-24151
In base 8, what is -2 - -220206?
220204
In base 3, what is 0 - 112221022022?
-112221022022
In base 15, what is 5 - 773?
-76d
In base 6, what is 20310 - 100?
20210
In base 12, what is -93a38 - -6?
-93a32
In base 11, what is 11023 - -8?
11030
In base 12, what is -9211 + 1?
-9210
In base 5, what is -1 + -23043141?
-23043142
In base 8, what is -11744 + 32?
-11712
In base 15, what is 1 - 32389?
-32388
In base 4, what is 10130210 - 20?
10130130
In base 14, what is -c83c - -2?
-c83a
In base 4, what is -31230232 - 2?
-31230300
In base 3, what is -21212110 - 1112?
-21220222
In base 13, what is 5 - -83b4?
83b9
In base 14, what is -141 - 84?
-1c5
In base 13, what is -654 - -b9?
-568
In base 6, what is 11 - -231?
242
In base 9, what is 12226 + -144?
12072
In base 14, what is -1c2a - 3?
-1c2d
In base 14, what is -542d + -1a?
-5449
In base 11, what is -7a3a + 52?
-7998
In base 13, what is 3 + -6618?
-6615
In base 11, what is -70 - -1994?
1924
In base 6, what is 24 - 2002441?
-2002413
In base 15, what is 3aa - -747?
b02
In base 9, what is -3 + -2018762?
-2018765
In base 5, what is 1 - -1011011?
1011012
In base 9, what is -5575 - -5?
-5570
In base 11, what is 0 + -7112?
-7112
In base 10, what is 1445 + -1526?
-81
In base 2, what is -101101010110011 - 101?
-101101010111000
In base 5, what is -401 + 101014?
100113
In base 4, what is 1202301 + -3?
1202232
In base 15, what is 63 - -994a?
99ad
In base 14, what is -c + -496?
-4a4
In base 8, what is -1 + -30230?
-30231
In base 11, what is -6 - -31a13?
31a08
In base 2, what is -10111010101101010011 - 1?
-10111010101101010100
In base 2, what is -1100110 - -11101011000000?
11101001011010
In base 14, what is -119d65 + 4?
-119d61
In base 5, what is 2 + 410302?
410304
In base 11, what is -6144 - -80?
-6074
In base 12, what is b73 + 146?
10b9
In base 7, what is -2 + -22001?
-22003
In base 6, what is 4013152 - 2?
4013150
In base 12, what is -39b - -70?
-32b
In base 10, what is 1646 - -128?
1774
In base 8, what is -53 + -1701?
-1754
In base 9, what is 14632 + -110?
14522
In base 14, what is -a - -1dda?
1dd0
In base 11, what is 7457 + -3?
7454
In base 3, what is -11 - -1122012001?
1122011220
In base 14, what is 302 - 63?
27d
In base 12, what is -5 + -258b5?
-258ba
In base 11, what is 48 - 1573?
-1526
In base 7, what is 10116 - -100?
10216
In base 12, what is 1 - 1bb608?
-1bb607
In base 14, what is -3 - 103145?
-103148
In base 13, what is -547 - -2?
-545
In base 11, what is 3 + 45a?
462
In base 9, what is -1268 + 5411?
4132
In base 14, what is -2 + -3a29?
-3a2b
In base 15, what is 58eb + -17?
58d4
In base 5, what is -2 + 334034?
334032
In base 13, what is 92 - 11?
81
In base 14, what is -3 - -13407?
13404
In base 3, what is 102220220 + 0?
102220220
In base 4, what is 0 + -200200?
-200200
In base 10, what is -3 + 464497?
464494
In base 10, what is -441 - 5?
-446
In base 2, what is 100 - -1011100011011000?
1011100011011100
In base 4, what is -310332021 - 2?
-310332023
In base 6, what is 250 + -24352?
-24102
In base 12, what is 39330 - 0?
39330
In base 16, what is -23e - -4af?
271
In base 14, what is 751b2b + 1?
751b2c
In base 15, what is -1800 + -392?
-1b92
In base 12, what is 3 - 23375?
-23372
In base 15, what is 3 - -8bdd?
8be1
In base 12, what is 18 - -8a73?
8a8b
In base 8, what is -10336 - -41?
-10275
In base 5, what is 2234320 - -31?
2234401
In base 6, what is 5 - -12343025?
12343034
In base 10, what is -174 - 225?
-399
In base 16, what is -a80 + -c?
-a8c
In base 3, what is -2200211 - -12?
-2200122
In base 7, what is -3515 + 415?
-3100
In base 11, what is -1355 - -562?
-8a3
In base 8, what is 3 + -325461?
-325456
In base 2, what is -101001101111100 + 110?
-101001101110110
In base 11, what is -7700 - -9?
-76a2
In base 5, what is -10 + 143312?
143302
In base 3, what is -202120002 + 1021?
-202111211
In base 8, what is -13 - -764137?
764124
In base 9, what is 282684 + -2?
282682
In base 10, what is 14 - 3651?
-3637
In base 13, what is -486c + 69?
-4803
In base 14, what is 40a6 - 22?
4084
In base 4, what is -2323102 - -3?
-2323033
In base 15, what is -b7d + -4?
-b82
In base 16, what is 2 + 39ad?
39af
In base 7, what is -4 - -3400?
3363
In base 2, what is -101 + -1011010101000011000?
-1011010101000011101
In base 13, what is -1a1 + 96?
-108
In base 15, what is -43d0 + -7?
-43d7
In base 7, what is 3 + 2012?
2015
In base 7, what is 3415663 + -1?
3415662
In base 6, what is 31 + 22214?
22245
In base 13, what is -1 - -67701?
67700
In base 6, what is 124525 + -5?
124520
In base 5, what is 124112320 - -2?
124112322
In base 15, what is 5 - -1be07?
1be0c
In base 16, what is 891 + -67?
82a
In base 10, what is 75 - 37?
38
In base 6, what is -45 + 41?
-4
In 